2*y - 2*y + 0*y - 2*y**2 - 7. Suppose 12*i - 7*i + 4*h + 34 = 0, 5*h = -4*i - 20. Give f(i).
-7
Let z(t) be the second derivative of -t**3/2 - 5*t**2/2 - 2*t. Suppose -h = l - 7, 4*l + 2 = 6*l. Suppose 3*g = -5*c - 34, 4 = c - 5*g - h. Determine z(c).
10
Let z(w) = 25*w**2 - 4*w - 18. Let k(o) = o + 4. Let j(f) = -4*k(f) - z(f). What is j(1)?
-23
Let z(i) be the second derivative of i**5/20 + i**4/12 + 2*i**2 - 5*i. Suppose -5*c + 2*c = 0. Let n be (0 - c)/(-9 - (-11 + 4)). Determine z(n).
4
Suppose 0 = 5*n + 23 - 68. Let w(p) = p**3 - 7*p**2 - 18*p + 8. Let x be w(n). Let z(h) = -x - h + 0*h + 2*h + h. Determine z(7).
6
Let g = -862 - -884. Let q(v) = 3*v + 20 + g - 99 + 18 + 26. Give q(10).
17
Let n(v) = -121*v - 2*v**3 + 7 + 7 + 344*v - 116*v - 116*v + 9*v**2. Give n(4).
-6
Let c(h) be the first derivative of h**4/4 - h**3/3 + h**2/2 + 6*h - 39. Suppose -6*k = -2*k - 8. Suppose -k*x = -0*x. Determine c(x).
6
Let c(z) = z**2 - 14*z - 5. Let x(v) = -v**3 - 24*v**2 - 57*v + 140. Let q be x(-21). Determine c(q).
-5
Let w(o) = -2*o**2 - 7*o + 11. Let t be w(1). Let c(m) = 10*m**2 - 2. Give c(t).
38
Let u(z) = z**3 - 5*z**2 + 6*z - 5. Suppose 3*p - 9*p + 24 = 0. Suppose p*a = a + 60. Suppose 5*o = a + 5. Determine u(o).
25
Let j(f) be the second derivative of f**5/20 - 3*f**4/4 - 4*f**3/3 - f**2/2 + 80*f - 5. Determine j(10).
19
Let x(a) = 14*a**3 + 69*a**2 - 44*a + 1. Let t(w) = -18*w**3 - 67*w**2 + 46*w - 1. Let p(j) = 3*t(j) + 4*x(j). Determine p(-38).
1
Let m(a) be the first derivative of -1/3*a**3 + 0*a**2 - 15 + 7*a. What is m(0)?
7
Suppose 5*b = -2*a + b + 12, -19*a = -20*a + b. Let h(o) be the third derivative of o**5/15 + o**4/8 - o**3/6 + 2*o**2. Determine h(a).
21
Let w be 6/9*4/((-16)/(-54)). Let y(g) = -w + g**3 + 13 - 15*g**2 + 24*g + 23. Let t be y(13). Let x(d) = 8*d**2 + 2*d - 1. Give x(t).
9
Let t(b) be the first derivative of b**4/4 - 4*b**3 + 11*b**2/2 - 4*b - 3953. Let g be 237/21 - 2/7. What is t(g)?
-4
Let s(x) be the second derivative of 2/3*x**3 + 0*x**2 + 0 + 72*x. What is s(3)?
12
Let m be (-1 - -2) + (-10)/1 + 2. Let p(n) = n**2 + 8*n + 9. Let z be p(m). Let r(d) = 0 + 4 + 54*d - 47*d - d**z. What is r(6)?
10
Let h(w) = -w**2 + w - 2. Let n(d) = -4*d**2 + d - 8. Let i(c) = 15*h(c) - 4*n(c). Calculate i(-18).
128
Let f(y) = 37 + 45 + 3*y - 52 - 3*y - 3*y. Give f(0).
30
Let z(w) = -19*w - 43. Let k(i) = 56*i + 170. Let c(a) = -3*k(a) - 10*z(a). Calculate c(4).
8
Let o(p) = 2*p - 7. Let u(t) = -3*t - 9. Let j(v) = 2*o(v) - u(v). Give j(-10).
-75
Let z(h) = 5 + 5*h**2 + 138*h - 46*h - 42*h - 49*h. Calculate z(3).
53
Let y = -28537 - -28518. Let j(f) = f**3 + 20*f**2 + 13*f - 12. Calculate j(y).
102
Let m(i) be the third derivative of -i**8/448 + i**7/1260 - i**5/120 - 19*i**4/12 + 32*i**2. Let f(v) be the second derivative of m(v). Determine f(-1).
16
Let j = -60 - -60. Suppose 2*i + j*z - 3*z = 7, -4*z = -3*i + 10. Let a(c) = 3*c - 1. Let m(q) = 5*q - 3. Let n(g) = 5*a(g) - 2*m(g). What is n(i)?
11
Let v(d) = -d**3 - 13*d**2 + 67*d - 5. Let t = 12153 + -12170. Give v(t).
12
Suppose -2*h - 4 = 0, 0 = -0*o + 4*o + 4*h - 100. Let v(q) = -69 - o*q**2 - 6*q + 61 + 28*q**2. Give v(6).
-8
Suppose -17 - 13 = 4*w + h, 4*w = -4*h - 36. Let o(v) = 11*v + 9. Let t(b) = -12*b - 9. Let i(r) = -7*o(r) - 6*t(r). Give i(w).
26
Let w(a) = 5*a + 1. Let s be (15/(-12))/((-1)/4). Suppose s*k - 22 = -2. Let l be (-18)/k*44/(-99). Determine w(l).
11
Suppose -26*y + 5*c = -29*y, y + 5*c + 10 = 0. Suppose 0*r + 4*m - 18 = 2*r, 0 = r - y*m + 3. Let v(x) = -x**2 - 11*x + 16. Give v(r).
-10
Let g(n) be the second derivative of -n**5/60 + n**4/4 - 5*n**3/6 + 34*n**2 - 40*n. Let z(y) be the first derivative of g(y). Calculate z(4).
3
Let o(f) = -f**2 + 2*f**2 - 10*f + 2*f + 1. Let g(c) = 3*c**2 - 62*c - 8. Let p be g(21). Suppose p*b - 9*b = 4*t, -b = 3*t - 20. What is o(b)?
-14
Let q(l) = 11*l**2 + 38*l - 96. Let z(h) = 8*h**2 + 26*h - 64. Let g(s) = 5*q(s) - 7*z(s). Let n(m) be the first derivative of g(m). Determine n(6).
-4
Let r(t) = t**3 + 9*t**2 + 7*t - 3. Let g be r(-8). Suppose 3*i - 23 = -3*n - n, g*i - 10 = -n. Let d(b) = 1 + 0 - 2*b + 0. Determine d(i).
-1
Suppose -12 = -7*r + 4*r + 3*d, 5*r = d + 12. Let i(w) = -4*w**2 + 3*w - 3*w**2 + 15*w**r + 0*w**2. Determine i(-2).
26
Suppose 21 = g + 3*j + j, 3*j - 12 = 3*g. Let c be g - 4 - -4 - 0. Let u(s) = -c - s + s - s + 2. Give u(3).
-2
Let u(v) = -80*v - 103. Let p(d) = 120*d + 162. Let k(w) = -7*p(w) - 11*u(w). Give k(1).
39
Let n(g) be the third derivative of 5*g**4/6 + 5*g**3/6 + 588*g**2. Determine n(1).
25
Suppose -f + v - 6 = 5, -9 = 4*f + 3*v. Let l = -127 + 142. Let d(u) = 7*u**2 - 2 - 30*u**3 + 0*u + 3*u + l*u**3 + 16*u**3. Determine d(f).
16
Let u = 14 - 12. Let n(t) = -u + 4*t + 2 - 10*t - 3. Suppose -53 = 54*y + 55. What is n(y)?
9
Let i(m) = -m**2 - 6*m + 59. Let t(j) = 2*j**2 + 12*j - 131. Let w(p) = -13*i(p) - 6*t(p). Determine w(-6).
19
Let y(t) be the first derivative of -t**4/12 - 2*t**3/3 - t**2 - 42*t + 73. Let g(q) be the first derivative of y(q). What is g(-3)?
1
Let h be (-52)/(-39)*(9 - 3). Let p(z) = z**3 - 13*z**2 + 1 + 5*z - 3*z + 5*z**2. What is p(h)?
17
Suppose 20*g - 252 = -12. Let h(o) = 34*o - 12*o - g*o - 7*o + 2. Determine h(4).
14
Let v(w) be the second derivative of w**4/12 + 2*w**3/3 - 29*w**2/2 - 14799*w. Determine v(3).
-8
Let q(l) = 2*l**2 + 5*l + 4. Let g be q(-2). Let v(u) = 3 - 9 - 13 - g*u + 0*u. Let x be v(-9). Let t(p) = 8*p**2 + p + 1. Calculate t(x).
8
Let t be 130/(-14) - -2 - 70/(-245). Let u(b) = 5*b**2 + 14*b - 34. Let g(w) = w**2 + 3*w - 7. Let k(j) = -11*g(j) + 2*u(j). What is k(t)?
-5
Let d(l) = l**3 + 19*l**2 - 45. Suppose -4*j = 7*r + 20, 2*r - 73 = 109*j - 106*j. What is d(j)?
-45
Suppose -2*s + 17 = y, 3 = s - 3*y + 12. Let c(l) = -3*l + 14. What is c(s)?
-4
Let v(k) = k**3 - 10*k**2 - 4*k - 15. Let c = 29 + -19. Let p be v(c). Let z = -52 - p. Let w(f) = f**3 - 5*f**2 + 3*f - 1. Determine w(z).
-10
Let j(n) = n**2 + 8*n + 2. Let h = 38 + -26. Suppose -144 = -h*p + 3*p. Let w be (p + (-2)/1)/(-2). Calculate j(w).
-5
Let s(n) = n**3 - 5*n**2 - 3*n + 3. Suppose -91*f - 82*f = 0. What is s(f)?
3
Let i(v) = v**2 - 19*v + 91. Let o be i(8). Let a(f) = 2*f - 14. Determine a(o).
-8
Let c(l) = -l**3 + 5*l**2 + 6*l + 2. Suppose -199 = -26*x + 35. Let j be x*(2/(-2) - 35/(-21)). What is c(j)?
2
Let r(n) = -n - 37. Suppose -20*w = -37*w. Suppose w = -49*j + 44*j. Determine r(j).
-37
Let k(m) be the second derivative of 0*m**3 + 0*m**2 - 8*m + 1/12*m**4 - 1/20*m**5 + 19. Determine k(-1).
2
Let g be 1/(-3) + 8587/93. Suppose 0 = 3*i + g - 116. Let x(r) = 2*r - 1. Calculate x(i).
15
Let l be (4 + -9)/((-105)/(-84)). Let v(a) = 23*a + 104. Determine v(l).
12
Suppose 122*r = -114*r - 2124. Let o(u) = -2*u**2 - 3*u + 7. Determine o(r).
-128
Let u(k) = -k**3 + 5*k**2 - 44*k + 310. Suppose 1441*h = 1581*h - 840. What is u(h)?
10
Suppose 297 = -4*l + 325. Let b(g) = 196*g**2 + 5*g - 7 + 15 - 197*g**2 - 10. Determine b(l).
-16
Let v be ((-12)/(-11))/(((-16)/22)/(-4)). Let g = 14 - 11. Let s(o) = 3 - g*o + 2*o + 2*o. Determine s(v).
9
Let g(w) be the second derivative of w**5/20 + w**4/12 + w**3/2 + w**2 + 13*w. Let a be g(-1). Let q(i) = -3*i**3 - 2 - 1 + 3 + 2*i + 6 - 5. Give q(a).
2
Let h be ((-5)/10)/((-46)/24 + 2). Let i(k) = k**2 - 18*k + 19. Let q be i(17). Let u(s) = 3 + 3*s - q*s + 8*s - 3*s + s**2. What is u(h)?
3
Let l(u) be the second derivative of -1/12*u**4 - 1/6*u**3 + 0 + 98*u + 1/2*u**2. Give l(0).
1
Let x be (-14)/4*(-60)/35. Suppose -x*d = -9*d + 12. Let j(s) = -4*s**2 + 10*s + 6. Let v(q) = q**2 - q - 1. Let c(k) = -j(k) - 3*v(k). Determine c(d).
-15
Let z be (-240)/84 + (2/3)/((-28)/6). Let f(l) = -32*l - 2. Calculate f(z).
94
Let u(w) = -5 + 0*w + 9 + w. Let s = -64 + 68. Suppose -1 = d - h, 0 = 5*d + s*h - 5*h + 21. Calculate u(d).
-1
Let z(q) = -26*q + 24. Let j(i) = 67 - 62 - i - 4*i. Let s(p) = 11*j(p) - 2*z(p). Give s(3).
-2
Let p(j) = -j**2 + j - 4. Let i(t) = t**3 - 2*t + 4. Let u = 302 - 302. Let f be i(u). What is p(f)?
-16
Let f(i) be the second derivative of i**3/6 - 29*i**2/2 - 8*i + 1. Determine f(13).
-16
Let o(y) = y + 1. Let h(f) = -6*f + 2. Let i(q) = h(q) + 9*o(q). Suppose 10 = -2*v + 2*n - 14, 4*v + 52 = 5*n. 